f and 36.
18
Let a = 1817 + -1799. Let w be (-8)/(-6) + (-6)/(-9). Calculate the highest common divisor of w and a.
2
Let u be ((-15)/5)/(2/(-90)). Suppose 0 = -p - 3, -q + u = 2*q + p. Calculate the highest common factor of 115 and q.
23
Let t(h) = 286*h**2 - 52*h + 51. Let q be t(1). What is the highest common factor of 57 and q?
57
Let v = 4 - 7. Let t = v + 33. What is the greatest common factor of t and 75?
15
Let h = 3 + 3. Let a = -138 + 150. Calculate the highest common factor of a and h.
6
Suppose 2*z = -3*z + 115. Suppose -4*t + 50 = 5*a - 331, 4*a - 303 = -3*t. Calculate the highest common factor of z and a.
23
Suppose 0 = 136*k - 167*k + 105431. Calculate the greatest common factor of 19 and k.
19
Suppose 0 = a + 5*y - 19, -9*a + 39 = -8*a + y. What is the highest common divisor of 572 and a?
44
Let t = 99 - 80. What is the highest common factor of 608 and t?
19
Let s be (-8)/(3 + 1) - -4. Suppose 2*f - s*a = 30, -f + 0*a + 5 = a. Suppose 18 = 4*x - f. Calculate the highest common divisor of x and 77.
7
Let z(q) = -41*q - 17. Let i be 1 - 88/20 - (-6)/(-10). Let m be z(i). Calculate the highest common factor of 21 and m.
21
Let f = 8 - 7. Suppose -2*d = -f - 3. Suppose -20 - 8 = -d*k. What is the highest common factor of 35 and k?
7
Suppose -5*d + 44 = 4*r, 2*d - 3*d = 3*r - 33. Let k be -3*1 - (-5 - -2). Suppose 4*s - 370 + 18 = k. Calculate the greatest common factor of s and r.
11
Let t(o) = -o**2 - 5*o - 1. Let y be t(-1). What is the greatest common divisor of y and 51?
3
Let o = -1317 - -2892. What is the highest common divisor of 25 and o?
25
Let m be (-6850)/(-45) - (-12)/(-54). Let k(r) = 6*r**3 + 4 + 6*r**2 - 4*r**3 + 2*r - r**3. Let z be k(-5). Calculate the highest common factor of z and m.
19
Let l be 5 + (29 - (5 + -10)). What is the greatest common factor of l and 3?
3
Let m be (-1465)/20 + (-6)/(-24). Let b = -45 - m. Calculate the highest common factor of b and 35.
7
Let a = 27 + -59. Let c = -6 - a. Let k(t) = -3*t - 2. Let v be k(-5). Calculate the greatest common factor of c and v.
13
Suppose -9*o + 10 = -4*o. Let r be 6 + -4 - 2*-8*o. Calculate the highest common divisor of 51 and r.
17
Let b = 24 + 3. What is the greatest common divisor of 9 and b?
9
Let m be 178 + 30/5 + 0. What is the greatest common divisor of m and 322?
46
Let g be (-4)/14 - (-8)/28. Suppose 6*w - w - u = 815, -5*w - u + 805 = 0. Suppose g = -a - 2*a + w. Calculate the highest common factor of 18 and a.
18
Let q be (144/15)/((-3)/(-50)). Suppose -22*d = -20*d - q. Calculate the greatest common factor of 30 and d.
10
Let q be (-13)/26*(1 - 7). Suppose -5*h = -q*h. Suppose -4*p + 312 = -2*t - h*t, -p = -3*t - 83. What is the highest common divisor of p and 7?
7
Let n(p) be the second derivative of -p**5/20 + 2*p**4/3 - p**3 + p**2/2 + 17*p. Let g be n(7). Calculate the greatest common divisor of g and 56.
8
Let w be 1 + (-1)/((-1)/20). Let t = -24 - -25. Suppose 0 = g + 2*n + 3, n + t - 4 = -2*g. Calculate the greatest common divisor of g and w.
3
Suppose 31 = -4*i + 5*i. Suppose t - i = -0*t. Suppose 7 - 379 = -4*a. What is the greatest common divisor of t and a?
31
Let w be (-4 - (3 + 31)) + 3. Let y = w - -56. Let b = y + -5. Calculate the highest common factor of b and 24.
8
Let r(b) = b**3 - 14*b**2 - 14*b + 21. Let i be r(15). Calculate the greatest common divisor of 96 and i.
12
Let r be (-11)/88 + 2/16. Suppose r = 6*j - 10*j + 68. Calculate the highest common factor of j and 68.
17
Let i(g) = -g + 16. Let c be 4 + (1*30)/(-3). Let j be i(c). Calculate the highest common divisor of j and 242.
22
Let h(r) = -20*r - 240. Let w be h(-13). Calculate the highest common factor of 940 and w.
20
Let f(a) = a**3 - 36*a**2 + 15*a + 18. Let c be f(36). What is the highest common divisor of c and 124?
62
Let k be 2/(-6)*(-162)/6. Suppose -k*f + 15*f - 108 = 0. What is the greatest common factor of f and 9?
9
Let c = -13 + 15. Let b(g) = 18*g - 1. Let u be b(c). Calculate the highest common factor of 14 and u.
7
Suppose -14*a - 45 = -11*a. Let n be a - -6*1/(-3). Let p = n - -52. What is the greatest common factor of 7 and p?
7
Let r = 206 + -146. Suppose 2*h = 4*h - r. What is the greatest common factor of h and 120?
30
Let u(d) = d**2 + 2. Let f be u(5). Let p be ((-4)/(-3))/(6/f). Let o(s) = -3*s**2 - 20*s - 9. Let v be o(-6). Calculate the greatest common divisor of p and v.
3
Let n = -32 + 393. What is the greatest common factor of n and 38?
19
Suppose -4*i + 15 = 2*g - i, 0 = 2*i + 2. Suppose 5*c - g*c = -704. Calculate the highest common divisor of c and 16.
16
Let g be ((252/9)/14)/(4/1218). Calculate the highest common divisor of g and 105.
21
Let j(k) = k**2 - 38*k + 392. Let w be j(32). What is the greatest common divisor of w and 70?
10
Let x(m) = -19*m - 5. Let z be x(-13). Calculate the highest common divisor of z and 44.
22
Let o = 1283 + -743. Calculate the highest common divisor of o and 10.
10
Let u = -16 - -11. Let h = u - -21. Calculate the greatest common divisor of 112 and h.
16
Suppose -w + 485 = 4*g - 46, 0 = -5*w + 4*g + 2679. What is the highest common divisor of 5 and w?
5
Let l(m) = 13*m**2 - 2*m. Let x(a) = -a**3 - 9*a**2 - 9*a - 6. Let r be x(-8). Let t be l(r). Calculate the highest common divisor of 6 and t.
6
Suppose 5*l - 15 = 0, -3*a - 16*l = -15*l - 138. What is the highest common factor of a and 495?
45
Suppose 0 = r + 12 + 1. Let x = r + 14. Let l be 9 + -6 + 20/x. What is the highest common divisor of l and 161?
23
Let q(f) = -25*f - 5. Let k(a) = 6*a**3 - a**2 + 1. Let y be k(-1). Let o be (6 - 7)/((-2)/y). Let m be q(o). What is the greatest common divisor of m and 10?
10
Suppose 0 = -98*b + 81*b + 238. What is the highest common divisor of 490 and b?
14
Let v = -2473 - -3714. Calculate the highest common factor of v and 17.
17
Suppose -3*j + 4*c = 2*j - 26, -4*c - 16 = 0. Suppose -6*n + j*n + 12 = 0. What is the greatest common factor of n and 27?
3
Let m be 0 + 9 - (-3 + 3). Let i(w) = -w + 2. Let y be i(-2). Suppose c = -3*c + y. What is the greatest common divisor of c and m?
1
Suppose 384*c + 18 = 387*c. Let t be -2 - -3 - (-3 - 0). What is the highest common factor of c and t?
2
Let j(k) = 15*k**3 - k**2 + 1. Let l be j(2). Let v(f) = -f**3 + 11*f**2 - 2*f + 13. Let t be v(0). What is the greatest common divisor of t and l?
13
Let u(q) = q**3 - 3*q**2 - 4*q + 6. Let t = 7 + -3. Let b be u(t). Suppose -b*o = -7*o + 160. What is the highest common divisor of 16 and o?
16
Let n = -6 + 28. Suppose 0 = -3*d - 3*b - 6, 2*d - 4*d + 2*b = 16. Let x be (8/20)/((-1)/d). Calculate the highest common factor of n and x.
2
Let p = 146 + -48. What is the greatest common divisor of p and 14?
14
Let i = -1526 - -1541. Calculate the greatest common factor of 330 and i.
15
Let g(a) = 75*a - 60. Let l be g(4). What is the greatest common divisor of l and 15?
15
Let j be (-1 - -2 - -1) + 3. Suppose -2*m + 288 = 4*m. Suppose -m = -j*t + t. What is the greatest common divisor of t and 96?
12
Suppose 0*j - 4*d - 580 = -4*j, 595 = 4*j - d. What is the highest common divisor of j and 30?
30
Let q be -12 - -17 - 17*-15. What is the highest common factor of q and 182?
26
Let z(c) = -c**2 + 2*c - 2. Let j be z(2). Let b = j + 7. Suppose b*m = -w + 25, -3*w + 4*m + 12 + 120 = 0. What is the greatest common divisor of w and 5?
5
Suppose -2*c = 28 - 88. Let z = 38 - 74. Let n be z/8*(-16)/6. Calculate the greatest common divisor of n and c.
6
Suppose p = 2*g + 136, -24*p = -19*p + 3*g - 654. Calculate the greatest common factor of 96 and p.
12
Let o(c) = 17*c**2 - 17*c - 49. Let g be o(-6). What is the highest common divisor of g and 35?
35
Let i(o) = o**3 - 8*o**2 + 19*o - 5. Let f be i(4). What is the greatest common factor of 287 and f?
7
Let h(y) = 358*y**2 + 8*y - 6. Let f be h(1). Calculate the greatest common divisor of 15 and f.
15
Let w be (1452/(-77))/(4/(-14)). Suppose -3*s + 5*g - 11 = -49, 5*g + 26 = s. What is the highest common divisor of s and w?
6
Suppose 5*g + 0 = -3*t - 12, 0 = 4*t + 5*g + 16. Let h be 6/t*(0 + -2). Let n be 22/6*3 - 2. What is the greatest common factor of h and n?
3
Let x(c) = c**2 + 2*c - 1. Let g be x(-6). Suppose 5*k - 180 + 65 = 0. Calculate the highest common divisor of k and g.
23
Su